 125 + w. Let b be h*((-40)/(-24) - 1/(-3)). What is the greatest common divisor of b and 32?
32
Suppose -34*x = 7*p - 29*x - 210697, 2*p + 3*x = 60207. Calculate the highest common factor of 152 and p.
152
Let q = -68 - 1. Let n = -22 - q. Let s be 6/6*(53 + -6). Calculate the highest common factor of s and n.
47
Suppose -21 = 7*n - 1092. Let l = 223 - n. Calculate the greatest common factor of l and 14.
14
Let q = 12612 + -11432. Calculate the highest common divisor of 3776 and q.
236
Let i be -2 - (-1*4 + 2). Suppose 36*y + 720 = 2196. Suppose -l - 34 + y = i. Calculate the greatest common divisor of 56 and l.
7
Let m(q) = -758*q + 387. Let w be m(-4). Calculate the highest common factor of 13 and w.
13
Suppose -127*o + 1974 = -7424. Calculate the greatest common divisor of o and 5994.
74
Suppose 5*k + 2*r = 3*k + 2, 3*k - r - 19 = 0. Suppose 3*x = -2*x + k*w + 325, -4*w - 192 = -3*x. What is the highest common divisor of 85 and x?
17
Let l = 14 + -10. Let j = 12600 - 12598. Suppose 0 = -j*p, -55 = -l*g + 4*p + 37. What is the highest common factor of g and 138?
23
Let n = -24498 - -25698. What is the highest common divisor of 1584 and n?
48
Let q = -387 + 421. Let y be ((2 - 1) + -2)*-33. Let m = q - y. Calculate the highest common divisor of m and 11.
1
Let l(d) = -2*d**2 + 21*d - 21. Let p be l(9). Let u(o) = -5*o - 1. Let k be u(-6). Suppose -k = -5*m + p. Calculate the greatest common divisor of m and 21.
7
Suppose -13247*p = -13263*p + 640. What is the greatest common factor of p and 1640?
40
Suppose -4*v - c = -v + 908, -3*c + 1532 = -5*v. Let j be ((-15)/2)/(114/v). Suppose 3*r = -0*r + 90. Calculate the greatest common divisor of r and j.
10
Let f be ((-6)/9)/((-1)/924). Let m = 37053 - 37031. Calculate the greatest common divisor of m and f.
22
Let l(j) be the first derivative of j**4/4 - 11*j**3/3 - 9*j**2/2 - 24*j + 150. Let r be l(12). Calculate the greatest common divisor of r and 54.
6
Suppose 5*o + 40 = 5*y, 3*o - 30 + 12 = 0. Calculate the highest common factor of 10339 and y.
7
Suppose -451*m - 88 = 403*m - 898*m. Suppose 0*n = -3*n + 678. Calculate the highest common divisor of m and n.
2
Let k be -3*25/(-15) - (-586)/(-2). Let a = 496 + k. What is the greatest common divisor of a and 32?
16
Suppose 104*n - 25813 = 603. What is the greatest common divisor of 4 and n?
2
Suppose 3*k - 4058 = 4*y, 20*k = 25*k - y - 6718. Calculate the greatest common divisor of 5002 and k.
122
Suppose 4*h - a = 3*h + 9, -2*h - 2*a = -2. Suppose 5*f = -4*o + 462 + 365, -3*o = -h*f - 594. What is the highest common divisor of 29 and o?
29
Suppose 88*f - 96*f + 7 = -9. What is the highest common divisor of f and 39?
1
Let h(i) = 41*i**2 + 2 - 1054*i + 544*i + 535*i. Let s be h(-4). Calculate the highest common divisor of 62 and s.
62
Let p(n) = -n**3 + 25*n**2 - 21*n + 14. Let z be p(23). What is the highest common factor of 93 and z?
31
Suppose -12 = t + r - 2*r, -5*r + 25 = 0. Let f be 120 + (9 + t - (-4)/(-1)). Let n = 218 - f. What is the highest common divisor of n and 25?
25
Suppose 4*j = -4*k + 12, 17*k - 4 = -2*j + 14*k. What is the greatest common factor of 1200 and j?
5
Suppose -1215223 = 31*h - 1216122. Let k(w) = 116*w**2 - 2*w + 1. Let g be k(1). Suppose 0 = -2*y + g + 1. Calculate the greatest common factor of y and h.
29
Suppose 8*i - 11*i = 30. Let q be 4/i - 56/10. Let n be 1/2*(12 + q). Calculate the greatest common divisor of n and 21.
3
Let a = 11834 + -11258. Suppose -22 = 4*x + 2*o - 96, 32 = 2*x - 4*o. What is the highest common divisor of a and x?
18
Suppose 477 + 1442 = 15*v - 361. What is the highest common divisor of v and 14972?
76
Let h = -854 - -899. Suppose 5*c = 25, -75 = -8*n + 3*n - 5*c. What is the greatest common factor of h and n?
5
Let u be (48/14)/(11/(-77)). Let g be (-70)/(-15)*u/(-14). Suppose -g*l + 5*l - 2*w = -31, -4*l + 3*w = -30. What is the greatest common divisor of l and 18?
9
Let v be (3 - -198) + (-2 - -2). Let c = v - 136. Calculate the greatest common factor of 65 and c.
65
Suppose 0 = 191*r - 182*r - 7938. What is the greatest common factor of r and 18?
18
Let p(i) = -138*i + 20. Let o be p(5). Let h be 11/176 + o/(-32). Calculate the greatest common divisor of 168 and h.
21
Let c = 3268 - 3168. What is the greatest common divisor of c and 3775?
25
Let b be 5/(((-4)/6)/(138/(-207))). Calculate the highest common divisor of b and 25595.
5
Let h be 14*(4/(-14))/(20/(-35)). Suppose i + h = -13. Let a(t) = t**2 + 19*t + 15. Let u be a(i). Calculate the greatest common factor of 7 and u.
7
Let g be (-4)/5*(1 + 7/(-2)). Suppose 6*v = -4*t + 7*v + 216, -g*v - 47 = -t. What is the greatest common factor of t and 99?
11
Let l(u) = -u**2 + 2*u - 3. Let b be l(3). Let q = 8 + b. Let j = -5866 + 5876. What is the greatest common divisor of j and q?
2
Suppose 8284 = 40*z - 440 - 1516. Suppose 29 = 2*t + 3*b, -2*t = -7*t - b + 79. Calculate the greatest common factor of t and z.
16
Suppose 2*p + 107 + 46 = 251. Suppose 0 = 2*m + 2*m - 2*v - 1762, 3*v = -4*m + 1767. Calculate the highest common factor of p and m.
49
Suppose 17*t + 12 = 63. Suppose 7*j + 112 = 9*j + 5*y, -t*y = -j + 78. What is the highest common factor of 30 and j?
6
Let x = 8393 + -8036. What is the greatest common factor of 799 and x?
17
Suppose 6*y = 23*y + 20*y - 13209. Suppose -w + 2*w = 102. Calculate the greatest common factor of y and w.
51
Suppose 5*l - 144 = -3*l. Let o be 1 - (10/(-45) + (-1058)/l). Suppose -9*k = -5*k - o. What is the greatest common divisor of 60 and k?
15
Suppose -19053 = -46*i + 66185. Calculate the highest common divisor of i and 289.
17
Let d(k) = -k**3 + 33*k**2 + 95*k + 5. Let a be d(-3). Let z be ((-18)/21)/(2/(-28)). What is the highest common divisor of a and z?
4
Let b(h) = h**3 - 16*h**2 + 15*h + 18. Let g = 16 - 14. Let d be (2/3)/(g/45). Let r be b(d). Calculate the highest common divisor of r and 2.
2
Suppose 52 - 182 = -5*k. Suppose 2*i - 4*h = k, 6*h = 2*i + 10*h - 18. Calculate the greatest common factor of 77 and i.
11
Suppose -9*y - 326 + 2297 = 0. Let q = -188 - -334. What is the highest common factor of y and q?
73
Let b = -2015 + 4483. Let l = b - 1100. What is the greatest common divisor of l and 76?
76
Suppose 3*j = 3*w - 147, w + 1544*j - 24 = 1540*j. Calculate the highest common factor of w and 737.
11
Let o = 55 - 49. Suppose -o*l - 1 = -25. Calculate the highest common factor of l and 3.
1
Let a(z) = -6*z + 5. Let y(h) = 6*h - 4. Let x(n) = 3*a(n) + 2*y(n). Let q be x(-6). Let m = 53 - q. What is the highest common divisor of m and 35?
5
Let w be (144/(-60))/((-2)/(-220)*-3). Let z be 1 - 3/(-9) - (-194)/3. What is the greatest common factor of z and w?
22
Let d = 239 + -239. Suppose -6*q + o = -q - 482, d = q + o - 94. Calculate the highest common factor of q and 36.
12
Let o(s) = -s**2 - 17*s - 8. Let i(r) = r - 1. Let k(v) = 5*i(v) + o(v). Let t be k(-4). Let h = 54 - t. What is the highest common divisor of 7 and h?
7
Suppose -13 = 2*s + 41. Let a = 29 + s. Let i be ((a + 16)/((-4)/(-78)))/1. Calculate the greatest common factor of i and 39.
39
Let v = 257 - 113. Let h be 13*-1 - (2 + 36/(-6)). Let l(t) = 15*t + 144. Let x be l(h). Calculate the greatest common factor of v and x.
9
Let q(i) = 4*i - 126. Let g be q(31). Let w be (10/(-7))/(g/28) + -4. What is the greatest common factor of w and 200?
8
Suppose y - 87 = 4*k, -2*k + 316 - 397 = -y. Calculate the greatest common divisor of 870 and y.
15
Let o(z) be the first derivative of 2*z**2 + 2*z - 10. Let w be o(-4). Let i be (-18)/12 + w/(-4). What is the greatest common factor of i and 5?
1
Suppose 31*j - 71 = 84. Suppose -j*c + 1366 = 726. Calculate the greatest common divisor of 176 and c.
16
Let l = 122 - -274. Suppose -l = -335*h + 324*h. What is the greatest common factor of h and 48?
12
Let l(y) be the first derivative of 6*y**2 - 70*y - 21. Let m be l(37). Calculate the greatest common factor of m and 34.
34
Let u = -27 + 66. Let y be (-3 + 2)/(2*(-3)/(-12)). Let w be 3 - -7 - 6/y. What is the highest common factor of w and u?
13
Let x(d) = 30*d**3 - 2*d**2 + 3*d + 13. Let f be x(3). What is the greatest common factor of f and 198?
22
Let l = 2392 + -2299. What is the greatest common factor of l and 6603?
93
Supp